ivided by 10.
8
What is the remainder when 164 is divided by 47?
23
What is the remainder when 460 is divided by 50?
10
Calculate the remainder when 590 is divided by 54.
50
What is the remainder when 348 is divided by 174?
0
Calculate the remainder when 96 is divided by 94.
2
What is the remainder when 228 is divided by 28?
4
Calculate the remainder when 929 is divided by 34.
11
What is the remainder when 824 is divided by 41?
4
Calculate the remainder when 273 is divided by 174.
99
Calculate the remainder when 134 is divided by 27.
26
Calculate the remainder when 270 is divided by 17.
15
Calculate the remainder when 944 is divided by 376.
192
What is the remainder when 4254 is divided by 31?
7
Calculate the remainder when 709 is divided by 9.
7
What is the remainder when 12 is divided by 8?
4
What is the remainder when 1379 is divided by 275?
4
What is the remainder when 1978 is divided by 249?
235
What is the remainder when 7825 is divided by 19?
16
What is the remainder when 5258 is divided by 97?
20
Calculate the remainder when 136 is divided by 117.
19
Calculate the remainder when 1198 is divided by 24.
22
Calculate the remainder when 342 is divided by 15.
12
Calculate the remainder when 153 is divided by 42.
27
Calculate the remainder when 414 is divided by 47.
38
Calculate the remainder when 905 is divided by 17.
4
What is the remainder when 623 is divided by 25?
23
What is the remainder when 271 is divided by 7?
5
Calculate the remainder when 260 is divided by 29.
28
Calculate the remainder when 3454 is divided by 144.
142
What is the remainder when 704 is divided by 234?
2
Calculate the remainder when 117 is divided by 40.
37
What is the remainder when 48 is divided by 19?
10
What is the remainder when 32 is divided by 19?
13
Calculate the remainder when 2959 is divided by 76.
71
What is the remainder when 5455 is divided by 156?
151
What is the remainder when 6079 is divided by 64?
63
What is the remainder when 33 is divided by 2?
1
What is the remainder when 76 is divided by 32?
12
Calculate the remainder when 485 is divided by 84.
65
Calculate the remainder when 2463 is divided by 615.
3
Calculate the remainder when 310 is divided by 71.
26
Calculate the remainder when 775 is divided by 26.
21
Calculate the remainder when 27413 is divided by 46.
43
What is the remainder when 770 is divided by 194?
188
Calculate the remainder when 41 is divided by 13.
2
What is the remainder when 1282 is divided by 39?
34
Calculate the remainder when 252 is divided by 23.
22
What is the remainder when 200 is divided by 106?
94
Calculate the remainder when 5644 is divided by 157.
149
What is the remainder when 180 is divided by 48?
36
What is the remainder when 1075 is divided by 98?
95
What is the remainder when 57 is divided by 24?
9
What is the remainder when 260 is divided by 11?
7
Calculate the remainder when 492 is divided by 38.
36
Calculate the remainder when 40 is divided by 15.
10
Calculate the remainder when 98 is divided by 26.
20
What is the remainder when 4443 is divided by 114?
111
Calculate the remainder when 1373 is divided by 50.
23
What is the remainder when 235 is divided by 206?
29
Calculate the remainder when 129 is divided by 63.
3
Calculate the remainder when 51 is divided by 8.
3
Calculate the remainder when 198 is divided by 25.
23
Calculate the remainder when 88 is divided by 38.
12
Calculate the remainder when 1374 is divided by 198.
186
Calculate the remainder when 27 is divided by 20.
7
What is the remainder when 125 is divided by 42?
41
What is the remainder when 31 is divided by 7?
3
Calculate the remainder when 243 is divided by 98.
47
What is the remainder when 23461 is divided by 11?
9
What is the remainder when 44 is divided by 10?
4
Calculate the remainder when 302 is divided by 88.
38
Calculate the remainder when 587 is divided by 28.
27
Calculate the remainder when 755 is divided by 467.
288
Calculate the remainder when 124 is divided by 3.
1
Calculate the remainder when 140 is divided by 3.
2
What is the remainder when 1325 is divided by 34?
33
Calculate the remainder when 341 is divided by 7.
5
Calculate the remainder when 1186 is divided by 70.
66
What is the remainder when 2894 is divided by 1444?
6
Calculate the remainder when 11105 is divided by 110.
105
What is the remainder when 88 is divided by 38?
12
What is the remainder when 35 is divided by 35?
0
Calculate the remainder when 2010 is divided by 156.
138
What is the remainder when 895 is divided by 69?
67
What is the remainder when 835 is divided by 22?
21
Calculate the remainder when 247 is divided by 84.
79
What is the remainder when 298 is divided by 60?
58
What is the remainder when 50 is divided by 6?
2
What is the remainder when 82 is divided by 18?
10
What is the remainder when 129 is divided by 41?
6
What is the remainder when 665 is divided by 561?
104
What is the remainder when 21474 is divided by 91?
89
Calculate the remainder when 5 is divided by 3.
2
Calculate the remainder when 593 is divided by 66.
65
What is the remainder when 150 is divided by 141?
9
What is the remainder when 554 is divided by 138?
2
What is the remainder when 28975 is divided by 42?
37
Calculate the remainder when 246 is divided by 85.
76
Calculate the remainder when 338 is divided by 89.
71
What is the remainder when 302 is divided by 44?
38
What is the remainder when 413 is divided by 30?
23
Calculate the remainder when 166 is divided by 18.
4
What is the remainder when 125 is divided by 33?
26
What is the remainder when 6181 is divided by 281?
280
What is the remainder when 55 is divided by 26?
3
What is the remainder when 461 is divided by 14?
13
What is the remainder when 2246 is divided by 18?
14
Calculate the remainder when 110 is divided by 8.
6
What is the remainder when 17 is divided by 4?
1
What is the remainder when 63 is divided by 25?
13
Calculate the remainder when 391 is divided by 37.
21
What is the remainder when 305 is divided by 41?
18
What is the remainder when 3055 is divided by 64?
47
Calculate the remainder when 29 is divided by 1.
0
What is the remainder when 167 is divided by 13?
11
Calculate the remainder when 239 is divided by 50.
39
Calculate the remainder when 390 is divided by 49.
47
What is the remainder when 316 is divided by 267?
49
Calculate the remainder when 131 is divided by 24.
11
What is the remainder when 135 is divided by 6?
3
Calculate the remainder when 1597 is divided by 34.
33
What is the remainder when 837 is divided by 7?
4
What is the remainder when 93 is divided by 23?
1
What is the remainder when 10186 is divided by 129?
124
What is the remainder when 6362 is divided by 23?
14
Calculate the remainder when 673 is divided by 331.
11
What is the remainder when 119 is divided by 8?
7
Calculate the remainder when 248 is divided by 17.
10
What is the remainder when 195 is divided by 14?
13
Calculate the remainder when 243 is divided by 111.
21
Calculate the remainder when 76 is divided by 40.
36
Calculate the remainder when 37543 is divided by 38.
37
Calculate the remainder when 101 is divided by 21.
17
What is the remainder when 7429 is divided by 44?
37
Calculate the remainder when 173 is divided by 42.
5
Calculate the remainder when 203 is divided by 41.
39
Calculate the remainder when 199 is divided by 17.
12
Calculate the remainder when 314 is divided by 15.
14
Calculate the remainder when 405 is divided by 11.
9
What is the remainder when 84 is divided by 46?
38
What is the remainder when 32 is divided by 31?
1
What is the remainder when 361 is divided by 16?
9
What is the remainder when 94 is divided by 29?
7
What is the remainder when 1329 is divided by 7?
6
What is the remainder when 1110 is divided by 139?
137
What is the remainder when 208 is divided by 56?
40
What is the remainder when 1109 is divided by 31?
24
Calculate the remainder when 96 is divided by 21.
12
Calculate the remainder when 584 is divided by 43.
25
What is the remainder when 219 is divided by 208?
11
What is the remainder when 1130 is divided by 97?
63
Calculate the remainder when 675 is divided by 38.
29
Calculate the remainder when 371 is divided by 61.
5
Calculate the remainder when 131 is divided by 29.
15
Calculate the remainder wh